{"id":2822,"date":"2021-06-30T10:24:50","date_gmt":"2021-06-30T08:24:50","guid":{"rendered":"https:\/\/madeleinezu.com\/?post_type=product&#038;p=2822"},"modified":"2023-07-26T15:33:15","modified_gmt":"2023-07-26T13:33:15","slug":"housse-longue-vinyle-robe-de-mariee-noir","status":"publish","type":"product","link":"https:\/\/tenpac.fr\/index.php\/produit\/housse-longue-vinyle-robe-de-mariee-noir\/","title":{"rendered":"Housse longue vinyle robe de mari\u00e9e noir"},"content":{"rendered":"<p>Housses pour robes de mari\u00e9es extra-longues en mati\u00e8re imperm\u00e9able id\u00e9ales pour le transports des robes longues.<\/p>\n<p>Elles sont l\u00e9g\u00e8res et \u00e9l\u00e9gantes et disponibles dans diff\u00e9rents coloris.<\/p>\n<p>Tarifs HT<\/p>\n<p>Stock permanent : exp\u00e9di\u00e9 sous 48h<\/p>\n<h3>Caract\u00e9ristiques techniques<\/h3>\n<ul>\n<li style=\"list-style-type: none;\"><\/li>\n<li>Dimensions : 183 x 61 cm<\/li>\n<li>Format extra-long : robes de mari\u00e9es, de soir\u00e9e&#8230;<\/li>\n<li>Mati\u00e8re : vinyle imperm\u00e9able<\/li>\n<li>Coloris : noir<\/li>\n<li>Opaque<\/li>\n<li>Fermeture \u00e9clair sur toute la hauteur<\/li>\n<li>Fen\u00eatre porte-carte sur le devant<\/li>\n<li>Ouverture cintre en haut<\/li>\n<li>Syst\u00e8me de repli int\u00e9gr\u00e9 pour un transport facile de la robe<\/li>\n<\/ul>\n","protected":false},"excerpt":{"rendered":"<ul>\n<li>Dimensions : 183 x 61 cm<\/li>\n<li>Format extra-long : robes de mari\u00e9es, de soir\u00e9e&#8230;<\/li>\n<li>Mati\u00e8re : vinyle imperm\u00e9able<\/li>\n<li>Coloris : noir<\/li>\n<li>Opaque<\/li>\n<li>Fermeture \u00e9clair sur toute la hauteur<\/li>\n<\/ul>\n","protected":false},"featured_media":2830,"comment_status":"open","ping_status":"closed","template":"","meta":[],"product_brand":[],"product_cat":[49],"product_tag":[],"class_list":{"0":"post-2822","1":"product","2":"type-product","3":"status-publish","4":"has-post-thumbnail","6":"product_cat-housses-robes-de-mariees","8":"first","9":"instock","10":"taxable","11":"shipping-taxable","12":"purchasable","13":"product-type-simple"},"yoast_head":"<!-- This site is optimized with the Yoast SEO plugin v26.7 - https:\/\/yoast.com\/wordpress\/plugins\/seo\/ -->\n<title>Housse longue vinyle robe de mari\u00e9e noir - Tenpac<\/title>\n<meta name=\"robots\" content=\"index, follow, max-snippet:-1, max-image-preview:large, max-video-preview:-1\" \/>\n<link rel=\"canonical\" href=\"https:\/\/tenpac.fr\/index.php\/produit\/housse-longue-vinyle-robe-de-mariee-noir\/\" \/>\n<meta property=\"og:locale\" content=\"fr_FR\" \/>\n<meta property=\"og:type\" content=\"article\" \/>\n<meta property=\"og:title\" content=\"Housse longue vinyle robe de mari\u00e9e noir - Tenpac\" \/>\n<meta property=\"og:description\" content=\"Dimensions : 183 x 61 cm  Format extra-long : robes de mari\u00e9es, de soir\u00e9e...  Mati\u00e8re : vinyle imperm\u00e9able  Coloris : noir  Opaque  Fermeture \u00e9clair sur toute la hauteur\" \/>\n<meta property=\"og:url\" content=\"https:\/\/tenpac.fr\/index.php\/produit\/housse-longue-vinyle-robe-de-mariee-noir\/\" \/>\n<meta property=\"og:site_name\" content=\"Tenpac\" \/>\n<meta property=\"article:modified_time\" content=\"2023-07-26T13:33:15+00:00\" \/>\n<meta property=\"og:image\" content=\"https:\/\/tenpac.fr\/wp-content\/uploads\/2021\/06\/V3005_NONOa.jpg\" \/>\n\t<meta property=\"og:image:width\" content=\"656\" \/>\n\t<meta property=\"og:image:height\" content=\"478\" \/>\n\t<meta property=\"og:image:type\" content=\"image\/jpeg\" \/>\n<meta name=\"twitter:card\" content=\"summary_large_image\" \/>\n<meta name=\"twitter:label1\" content=\"Dur\u00e9e de lecture estim\u00e9e\" \/>\n\t<meta name=\"twitter:data1\" content=\"1 minute\" \/>\n<script type=\"application\/ld+json\" class=\"yoast-schema-graph\">{\"@context\":\"https:\/\/schema.org\",\"@graph\":[{\"@type\":\"WebPage\",\"@id\":\"https:\/\/tenpac.fr\/index.php\/produit\/housse-longue-vinyle-robe-de-mariee-noir\/\",\"url\":\"https:\/\/tenpac.fr\/index.php\/produit\/housse-longue-vinyle-robe-de-mariee-noir\/\",\"name\":\"Housse longue vinyle robe de mari\u00e9e noir - Tenpac\",\"isPartOf\":{\"@id\":\"https:\/\/tenpac.fr\/#website\"},\"primaryImageOfPage\":{\"@id\":\"https:\/\/tenpac.fr\/index.php\/produit\/housse-longue-vinyle-robe-de-mariee-noir\/#primaryimage\"},\"image\":{\"@id\":\"https:\/\/tenpac.fr\/index.php\/produit\/housse-longue-vinyle-robe-de-mariee-noir\/#primaryimage\"},\"thumbnailUrl\":\"https:\/\/tenpac.fr\/wp-content\/uploads\/2021\/06\/V3005_NONOa.jpg\",\"datePublished\":\"2021-06-30T08:24:50+00:00\",\"dateModified\":\"2023-07-26T13:33:15+00:00\",\"breadcrumb\":{\"@id\":\"https:\/\/tenpac.fr\/index.php\/produit\/housse-longue-vinyle-robe-de-mariee-noir\/#breadcrumb\"},\"inLanguage\":\"fr-FR\",\"potentialAction\":[{\"@type\":\"ReadAction\",\"target\":[\"https:\/\/tenpac.fr\/index.php\/produit\/housse-longue-vinyle-robe-de-mariee-noir\/\"]}]},{\"@type\":\"ImageObject\",\"inLanguage\":\"fr-FR\",\"@id\":\"https:\/\/tenpac.fr\/index.php\/produit\/housse-longue-vinyle-robe-de-mariee-noir\/#primaryimage\",\"url\":\"https:\/\/tenpac.fr\/wp-content\/uploads\/2021\/06\/V3005_NONOa.jpg\",\"contentUrl\":\"https:\/\/tenpac.fr\/wp-content\/uploads\/2021\/06\/V3005_NONOa.jpg\",\"width\":656,\"height\":478,\"caption\":\"Housse robe de mari\u00e9e noir\"},{\"@type\":\"BreadcrumbList\",\"@id\":\"https:\/\/tenpac.fr\/index.php\/produit\/housse-longue-vinyle-robe-de-mariee-noir\/#breadcrumb\",\"itemListElement\":[{\"@type\":\"ListItem\",\"position\":1,\"name\":\"Accueil\",\"item\":\"https:\/\/tenpac.fr\/\"},{\"@type\":\"ListItem\",\"position\":2,\"name\":\"Shop\",\"item\":\"https:\/\/tenpac.fr\/index.php\/shop\/\"},{\"@type\":\"ListItem\",\"position\":3,\"name\":\"Housse longue vinyle robe de mari\u00e9e noir\"}]},{\"@type\":\"WebSite\",\"@id\":\"https:\/\/tenpac.fr\/#website\",\"url\":\"https:\/\/tenpac.fr\/\",\"name\":\"Tenpac\",\"description\":\"Le sp\u00e9cialiste des housses de v\u00eatements\",\"publisher\":{\"@id\":\"https:\/\/tenpac.fr\/#organization\"},\"potentialAction\":[{\"@type\":\"SearchAction\",\"target\":{\"@type\":\"EntryPoint\",\"urlTemplate\":\"https:\/\/tenpac.fr\/?s={search_term_string}\"},\"query-input\":{\"@type\":\"PropertyValueSpecification\",\"valueRequired\":true,\"valueName\":\"search_term_string\"}}],\"inLanguage\":\"fr-FR\"},{\"@type\":\"Organization\",\"@id\":\"https:\/\/tenpac.fr\/#organization\",\"name\":\"TENPAC\",\"url\":\"https:\/\/tenpac.fr\/\",\"logo\":{\"@type\":\"ImageObject\",\"inLanguage\":\"fr-FR\",\"@id\":\"https:\/\/tenpac.fr\/#\/schema\/logo\/image\/\",\"url\":\"https:\/\/madeleinezu.com\/wp-content\/uploads\/2021\/06\/logojpg.jpg\",\"contentUrl\":\"https:\/\/madeleinezu.com\/wp-content\/uploads\/2021\/06\/logojpg.jpg\",\"width\":156,\"height\":59,\"caption\":\"TENPAC\"},\"image\":{\"@id\":\"https:\/\/tenpac.fr\/#\/schema\/logo\/image\/\"}}]}<\/script>\n<!-- \/ Yoast SEO plugin. -->","yoast_head_json":{"title":"Housse longue vinyle robe de mari\u00e9e noir - Tenpac","robots":{"index":"index","follow":"follow","max-snippet":"max-snippet:-1","max-image-preview":"max-image-preview:large","max-video-preview":"max-video-preview:-1"},"canonical":"https:\/\/tenpac.fr\/index.php\/produit\/housse-longue-vinyle-robe-de-mariee-noir\/","og_locale":"fr_FR","og_type":"article","og_title":"Housse longue vinyle robe de mari\u00e9e noir - Tenpac","og_description":"Dimensions : 183 x 61 cm  Format extra-long : robes de mari\u00e9es, de soir\u00e9e...  Mati\u00e8re : vinyle imperm\u00e9able  Coloris : noir  Opaque  Fermeture \u00e9clair sur toute la hauteur","og_url":"https:\/\/tenpac.fr\/index.php\/produit\/housse-longue-vinyle-robe-de-mariee-noir\/","og_site_name":"Tenpac","article_modified_time":"2023-07-26T13:33:15+00:00","og_image":[{"width":656,"height":478,"url":"https:\/\/tenpac.fr\/wp-content\/uploads\/2021\/06\/V3005_NONOa.jpg","type":"image\/jpeg"}],"twitter_card":"summary_large_image","twitter_misc":{"Dur\u00e9e de lecture estim\u00e9e":"1 minute"},"schema":{"@context":"https:\/\/schema.org","@graph":[{"@type":"WebPage","@id":"https:\/\/tenpac.fr\/index.php\/produit\/housse-longue-vinyle-robe-de-mariee-noir\/","url":"https:\/\/tenpac.fr\/index.php\/produit\/housse-longue-vinyle-robe-de-mariee-noir\/","name":"Housse longue vinyle robe de mari\u00e9e noir - Tenpac","isPartOf":{"@id":"https:\/\/tenpac.fr\/#website"},"primaryImageOfPage":{"@id":"https:\/\/tenpac.fr\/index.php\/produit\/housse-longue-vinyle-robe-de-mariee-noir\/#primaryimage"},"image":{"@id":"https:\/\/tenpac.fr\/index.php\/produit\/housse-longue-vinyle-robe-de-mariee-noir\/#primaryimage"},"thumbnailUrl":"https:\/\/tenpac.fr\/wp-content\/uploads\/2021\/06\/V3005_NONOa.jpg","datePublished":"2021-06-30T08:24:50+00:00","dateModified":"2023-07-26T13:33:15+00:00","breadcrumb":{"@id":"https:\/\/tenpac.fr\/index.php\/produit\/housse-longue-vinyle-robe-de-mariee-noir\/#breadcrumb"},"inLanguage":"fr-FR","potentialAction":[{"@type":"ReadAction","target":["https:\/\/tenpac.fr\/index.php\/produit\/housse-longue-vinyle-robe-de-mariee-noir\/"]}]},{"@type":"ImageObject","inLanguage":"fr-FR","@id":"https:\/\/tenpac.fr\/index.php\/produit\/housse-longue-vinyle-robe-de-mariee-noir\/#primaryimage","url":"https:\/\/tenpac.fr\/wp-content\/uploads\/2021\/06\/V3005_NONOa.jpg","contentUrl":"https:\/\/tenpac.fr\/wp-content\/uploads\/2021\/06\/V3005_NONOa.jpg","width":656,"height":478,"caption":"Housse robe de mari\u00e9e noir"},{"@type":"BreadcrumbList","@id":"https:\/\/tenpac.fr\/index.php\/produit\/housse-longue-vinyle-robe-de-mariee-noir\/#breadcrumb","itemListElement":[{"@type":"ListItem","position":1,"name":"Accueil","item":"https:\/\/tenpac.fr\/"},{"@type":"ListItem","position":2,"name":"Shop","item":"https:\/\/tenpac.fr\/index.php\/shop\/"},{"@type":"ListItem","position":3,"name":"Housse longue vinyle robe de mari\u00e9e noir"}]},{"@type":"WebSite","@id":"https:\/\/tenpac.fr\/#website","url":"https:\/\/tenpac.fr\/","name":"Tenpac","description":"Le sp\u00e9cialiste des housses de v\u00eatements","publisher":{"@id":"https:\/\/tenpac.fr\/#organization"},"potentialAction":[{"@type":"SearchAction","target":{"@type":"EntryPoint","urlTemplate":"https:\/\/tenpac.fr\/?s={search_term_string}"},"query-input":{"@type":"PropertyValueSpecification","valueRequired":true,"valueName":"search_term_string"}}],"inLanguage":"fr-FR"},{"@type":"Organization","@id":"https:\/\/tenpac.fr\/#organization","name":"TENPAC","url":"https:\/\/tenpac.fr\/","logo":{"@type":"ImageObject","inLanguage":"fr-FR","@id":"https:\/\/tenpac.fr\/#\/schema\/logo\/image\/","url":"https:\/\/madeleinezu.com\/wp-content\/uploads\/2021\/06\/logojpg.jpg","contentUrl":"https:\/\/madeleinezu.com\/wp-content\/uploads\/2021\/06\/logojpg.jpg","width":156,"height":59,"caption":"TENPAC"},"image":{"@id":"https:\/\/tenpac.fr\/#\/schema\/logo\/image\/"}}]}},"jetpack_sharing_enabled":true,"tiered_pricing_type":"fixed","tiered_pricing_fixed_rules":{"50":4.52,"100":4.3,"500":4.08},"tiered_pricing_product_settings":{"layout":"default","base_unit_name":{"singular":null,"plural":null},"default_variation":null},"tiered_pricing_minimum_quantity":null,"tiered_pricing_roles_data":[],"tiered_pricing_percentage_rules":[],"_links":{"self":[{"href":"https:\/\/tenpac.fr\/index.php\/wp-json\/wp\/v2\/product\/2822","targetHints":{"allow":["GET"]}}],"collection":[{"href":"https:\/\/tenpac.fr\/index.php\/wp-json\/wp\/v2\/product"}],"about":[{"href":"https:\/\/tenpac.fr\/index.php\/wp-json\/wp\/v2\/types\/product"}],"replies":[{"embeddable":true,"href":"https:\/\/tenpac.fr\/index.php\/wp-json\/wp\/v2\/comments?post=2822"}],"wp:featuredmedia":[{"embeddable":true,"href":"https:\/\/tenpac.fr\/index.php\/wp-json\/wp\/v2\/media\/2830"}],"wp:attachment":[{"href":"https:\/\/tenpac.fr\/index.php\/wp-json\/wp\/v2\/media?parent=2822"}],"wp:term":[{"taxonomy":"product_brand","embeddable":true,"href":"https:\/\/tenpac.fr\/index.php\/wp-json\/wp\/v2\/product_brand?post=2822"},{"taxonomy":"product_cat","embeddable":true,"href":"https:\/\/tenpac.fr\/index.php\/wp-json\/wp\/v2\/product_cat?post=2822"},{"taxonomy":"product_tag","embeddable":true,"href":"https:\/\/tenpac.fr\/index.php\/wp-json\/wp\/v2\/product_tag?post=2822"}],"curies":[{"name":"wp","href":"https:\/\/api.w.org\/{rel}","templated":true}]}}