{"id":2696,"date":"2021-06-24T09:54:50","date_gmt":"2021-06-24T07:54:50","guid":{"rendered":"https:\/\/madeleinezu.com\/?post_type=product&#038;p=2696"},"modified":"2026-01-12T11:44:17","modified_gmt":"2026-01-12T10:44:17","slug":"housse-vinyle-longue","status":"publish","type":"product","link":"https:\/\/tenpac.fr\/index.php\/produit\/housse-vinyle-longue\/","title":{"rendered":"Housse vinyle longue"},"content":{"rendered":"<p>Housse de v\u00eatements imperm\u00e9able : la protection de base de vos habits, en vinyle l\u00e9ger et r\u00e9sistant.<\/p>\n<p>Tarifs HT<\/p>\n<p>Dimensions : 137cm x 61cm<\/p>\n<p>Mati\u00e8re : Vinyle<\/p>\n<p>Epaisseur : 0,03 mm<\/p>\n<p>Ouverture pour cintre<\/p>\n<p>Hublot transparent<\/p>\n<p>\u0152illet \u00e0 la base pour le passage du crochet du cintre : permet le repli de la housse et le transport facile.<\/p>\n","protected":false},"excerpt":{"rendered":"<p>Tarifs d\u00e9gressifs :<\/p>\n<style>#porto-info-list116580443369f4a1b7efe0f i { color: #21293c;font-size: 16px; }<\/style><ul id=\"porto-info-list116580443369f4a1b7efe0f\" class=\"porto-info-list pl-4\"><li class=\"porto-info-list-item\"><i class=\"porto-info-icon fa fa-check-circle\"><\/i><div class=\"porto-info-list-item-desc\">\u00e0 partir de 100 pi\u00e8ces : 3.33\u20ac ht \/ housse<\/div><\/li><li class=\"porto-info-list-item\"><i class=\"porto-info-icon fa fa-check-circle\"><\/i><div class=\"porto-info-list-item-desc\">\u00e0 partir de 500 pi\u00e8ces : 2.99\u20ac ht \/ housse<\/div><\/li><li class=\"porto-info-list-item\"><i class=\"porto-info-icon fa fa-check-circle\"><\/i><div class=\"porto-info-list-item-desc\">\u00e0 partir de 1000 pi\u00e8ces : 2.69\u20ac ht \/ housse<\/div><\/li><\/ul>\n","protected":false},"featured_media":2686,"comment_status":"open","ping_status":"closed","template":"","meta":[],"product_brand":[],"product_cat":[53,63],"product_tag":[],"class_list":{"0":"post-2696","1":"product","2":"type-product","3":"status-publish","4":"has-post-thumbnail","6":"product_cat-housses-vetements","7":"product_cat-housses-standard-vinyle","9":"first","10":"instock","11":"taxable","12":"shipping-taxable","13":"purchasable","14":"product-type-variable"},"yoast_head":"<!-- This site is optimized with the Yoast SEO plugin v26.7 - https:\/\/yoast.com\/wordpress\/plugins\/seo\/ -->\n<title>Housse vinyle longue pour v\u00eatements - Tenpac Marque fran\u00e7aise<\/title>\n<meta name=\"description\" content=\"La protection de base de vos v\u00eatements, imperm\u00e9ables, l\u00e9g\u00e8res et r\u00e9sistantes, d\u00e9couvrez nos housses en vinyle,\" \/>\n<meta name=\"robots\" content=\"index, follow, max-snippet:-1, max-image-preview:large, max-video-preview:-1\" \/>\n<link rel=\"canonical\" href=\"https:\/\/tenpac.fr\/index.php\/produit\/housse-vinyle-longue\/\" \/>\n<meta property=\"og:locale\" content=\"fr_FR\" \/>\n<meta property=\"og:type\" content=\"article\" \/>\n<meta property=\"og:title\" content=\"Housse vinyle longue pour v\u00eatements - Tenpac Marque fran\u00e7aise\" \/>\n<meta property=\"og:description\" content=\"La protection de base de vos v\u00eatements, imperm\u00e9ables, l\u00e9g\u00e8res et r\u00e9sistantes, d\u00e9couvrez nos housses en vinyle,\" \/>\n<meta property=\"og:url\" content=\"https:\/\/tenpac.fr\/index.php\/produit\/housse-vinyle-longue\/\" \/>\n<meta property=\"og:site_name\" content=\"Tenpac\" \/>\n<meta property=\"article:modified_time\" content=\"2026-01-12T10:44:17+00:00\" \/>\n<meta property=\"og:image\" content=\"https:\/\/tenpac.fr\/wp-content\/uploads\/2021\/06\/vet1.jpg\" \/>\n\t<meta property=\"og:image:width\" content=\"656\" \/>\n\t<meta property=\"og:image:height\" content=\"478\" \/>\n\t<meta property=\"og:image:type\" content=\"image\/jpeg\" \/>\n<meta name=\"twitter:card\" content=\"summary_large_image\" \/>\n<meta name=\"twitter:label1\" content=\"Dur\u00e9e de lecture estim\u00e9e\" \/>\n\t<meta name=\"twitter:data1\" content=\"1 minute\" \/>\n<script type=\"application\/ld+json\" class=\"yoast-schema-graph\">{\"@context\":\"https:\/\/schema.org\",\"@graph\":[{\"@type\":\"WebPage\",\"@id\":\"https:\/\/tenpac.fr\/index.php\/produit\/housse-vinyle-longue\/\",\"url\":\"https:\/\/tenpac.fr\/index.php\/produit\/housse-vinyle-longue\/\",\"name\":\"Housse vinyle longue pour v\u00eatements - Tenpac Marque fran\u00e7aise\",\"isPartOf\":{\"@id\":\"https:\/\/tenpac.fr\/#website\"},\"primaryImageOfPage\":{\"@id\":\"https:\/\/tenpac.fr\/index.php\/produit\/housse-vinyle-longue\/#primaryimage\"},\"image\":{\"@id\":\"https:\/\/tenpac.fr\/index.php\/produit\/housse-vinyle-longue\/#primaryimage\"},\"thumbnailUrl\":\"https:\/\/tenpac.fr\/wp-content\/uploads\/2021\/06\/vet1.jpg\",\"datePublished\":\"2021-06-24T07:54:50+00:00\",\"dateModified\":\"2026-01-12T10:44:17+00:00\",\"description\":\"La protection de base de vos v\u00eatements, imperm\u00e9ables, l\u00e9g\u00e8res et r\u00e9sistantes, d\u00e9couvrez nos housses en vinyle,\",\"breadcrumb\":{\"@id\":\"https:\/\/tenpac.fr\/index.php\/produit\/housse-vinyle-longue\/#breadcrumb\"},\"inLanguage\":\"fr-FR\",\"potentialAction\":[{\"@type\":\"ReadAction\",\"target\":[\"https:\/\/tenpac.fr\/index.php\/produit\/housse-vinyle-longue\/\"]}]},{\"@type\":\"ImageObject\",\"inLanguage\":\"fr-FR\",\"@id\":\"https:\/\/tenpac.fr\/index.php\/produit\/housse-vinyle-longue\/#primaryimage\",\"url\":\"https:\/\/tenpac.fr\/wp-content\/uploads\/2021\/06\/vet1.jpg\",\"contentUrl\":\"https:\/\/tenpac.fr\/wp-content\/uploads\/2021\/06\/vet1.jpg\",\"width\":656,\"height\":478,\"caption\":\"housse standard vinyle\"},{\"@type\":\"BreadcrumbList\",\"@id\":\"https:\/\/tenpac.fr\/index.php\/produit\/housse-vinyle-longue\/#breadcrumb\",\"itemListElement\":[{\"@type\":\"ListItem\",\"position\":1,\"name\":\"Accueil\",\"item\":\"https:\/\/tenpac.fr\/\"},{\"@type\":\"ListItem\",\"position\":2,\"name\":\"Shop\",\"item\":\"https:\/\/tenpac.fr\/index.php\/shop\/\"},{\"@type\":\"ListItem\",\"position\":3,\"name\":\"Housse vinyle longue\"}]},{\"@type\":\"WebSite\",\"@id\":\"https:\/\/tenpac.fr\/#website\",\"url\":\"https:\/\/tenpac.fr\/\",\"name\":\"Tenpac\",\"description\":\"Le sp\u00e9cialiste des housses de v\u00eatements\",\"publisher\":{\"@id\":\"https:\/\/tenpac.fr\/#organization\"},\"potentialAction\":[{\"@type\":\"SearchAction\",\"target\":{\"@type\":\"EntryPoint\",\"urlTemplate\":\"https:\/\/tenpac.fr\/?s={search_term_string}\"},\"query-input\":{\"@type\":\"PropertyValueSpecification\",\"valueRequired\":true,\"valueName\":\"search_term_string\"}}],\"inLanguage\":\"fr-FR\"},{\"@type\":\"Organization\",\"@id\":\"https:\/\/tenpac.fr\/#organization\",\"name\":\"TENPAC\",\"url\":\"https:\/\/tenpac.fr\/\",\"logo\":{\"@type\":\"ImageObject\",\"inLanguage\":\"fr-FR\",\"@id\":\"https:\/\/tenpac.fr\/#\/schema\/logo\/image\/\",\"url\":\"https:\/\/madeleinezu.com\/wp-content\/uploads\/2021\/06\/logojpg.jpg\",\"contentUrl\":\"https:\/\/madeleinezu.com\/wp-content\/uploads\/2021\/06\/logojpg.jpg\",\"width\":156,\"height\":59,\"caption\":\"TENPAC\"},\"image\":{\"@id\":\"https:\/\/tenpac.fr\/#\/schema\/logo\/image\/\"}}]}<\/script>\n<!-- \/ Yoast SEO plugin. -->","yoast_head_json":{"title":"Housse vinyle longue pour v\u00eatements - Tenpac Marque fran\u00e7aise","description":"La protection de base de vos v\u00eatements, imperm\u00e9ables, l\u00e9g\u00e8res et r\u00e9sistantes, d\u00e9couvrez nos housses en vinyle,","robots":{"index":"index","follow":"follow","max-snippet":"max-snippet:-1","max-image-preview":"max-image-preview:large","max-video-preview":"max-video-preview:-1"},"canonical":"https:\/\/tenpac.fr\/index.php\/produit\/housse-vinyle-longue\/","og_locale":"fr_FR","og_type":"article","og_title":"Housse vinyle longue pour v\u00eatements - Tenpac Marque fran\u00e7aise","og_description":"La protection de base de vos v\u00eatements, imperm\u00e9ables, l\u00e9g\u00e8res et r\u00e9sistantes, d\u00e9couvrez nos housses en vinyle,","og_url":"https:\/\/tenpac.fr\/index.php\/produit\/housse-vinyle-longue\/","og_site_name":"Tenpac","article_modified_time":"2026-01-12T10:44:17+00:00","og_image":[{"width":656,"height":478,"url":"https:\/\/tenpac.fr\/wp-content\/uploads\/2021\/06\/vet1.jpg","type":"image\/jpeg"}],"twitter_card":"summary_large_image","twitter_misc":{"Dur\u00e9e de lecture estim\u00e9e":"1 minute"},"schema":{"@context":"https:\/\/schema.org","@graph":[{"@type":"WebPage","@id":"https:\/\/tenpac.fr\/index.php\/produit\/housse-vinyle-longue\/","url":"https:\/\/tenpac.fr\/index.php\/produit\/housse-vinyle-longue\/","name":"Housse vinyle longue pour v\u00eatements - Tenpac Marque fran\u00e7aise","isPartOf":{"@id":"https:\/\/tenpac.fr\/#website"},"primaryImageOfPage":{"@id":"https:\/\/tenpac.fr\/index.php\/produit\/housse-vinyle-longue\/#primaryimage"},"image":{"@id":"https:\/\/tenpac.fr\/index.php\/produit\/housse-vinyle-longue\/#primaryimage"},"thumbnailUrl":"https:\/\/tenpac.fr\/wp-content\/uploads\/2021\/06\/vet1.jpg","datePublished":"2021-06-24T07:54:50+00:00","dateModified":"2026-01-12T10:44:17+00:00","description":"La protection de base de vos v\u00eatements, imperm\u00e9ables, l\u00e9g\u00e8res et r\u00e9sistantes, d\u00e9couvrez nos housses en vinyle,","breadcrumb":{"@id":"https:\/\/tenpac.fr\/index.php\/produit\/housse-vinyle-longue\/#breadcrumb"},"inLanguage":"fr-FR","potentialAction":[{"@type":"ReadAction","target":["https:\/\/tenpac.fr\/index.php\/produit\/housse-vinyle-longue\/"]}]},{"@type":"ImageObject","inLanguage":"fr-FR","@id":"https:\/\/tenpac.fr\/index.php\/produit\/housse-vinyle-longue\/#primaryimage","url":"https:\/\/tenpac.fr\/wp-content\/uploads\/2021\/06\/vet1.jpg","contentUrl":"https:\/\/tenpac.fr\/wp-content\/uploads\/2021\/06\/vet1.jpg","width":656,"height":478,"caption":"housse standard vinyle"},{"@type":"BreadcrumbList","@id":"https:\/\/tenpac.fr\/index.php\/produit\/housse-vinyle-longue\/#breadcrumb","itemListElement":[{"@type":"ListItem","position":1,"name":"Accueil","item":"https:\/\/tenpac.fr\/"},{"@type":"ListItem","position":2,"name":"Shop","item":"https:\/\/tenpac.fr\/index.php\/shop\/"},{"@type":"ListItem","position":3,"name":"Housse vinyle longue"}]},{"@type":"WebSite","@id":"https:\/\/tenpac.fr\/#website","url":"https:\/\/tenpac.fr\/","name":"Tenpac","description":"Le sp\u00e9cialiste des housses de v\u00eatements","publisher":{"@id":"https:\/\/tenpac.fr\/#organization"},"potentialAction":[{"@type":"SearchAction","target":{"@type":"EntryPoint","urlTemplate":"https:\/\/tenpac.fr\/?s={search_term_string}"},"query-input":{"@type":"PropertyValueSpecification","valueRequired":true,"valueName":"search_term_string"}}],"inLanguage":"fr-FR"},{"@type":"Organization","@id":"https:\/\/tenpac.fr\/#organization","name":"TENPAC","url":"https:\/\/tenpac.fr\/","logo":{"@type":"ImageObject","inLanguage":"fr-FR","@id":"https:\/\/tenpac.fr\/#\/schema\/logo\/image\/","url":"https:\/\/madeleinezu.com\/wp-content\/uploads\/2021\/06\/logojpg.jpg","contentUrl":"https:\/\/madeleinezu.com\/wp-content\/uploads\/2021\/06\/logojpg.jpg","width":156,"height":59,"caption":"TENPAC"},"image":{"@id":"https:\/\/tenpac.fr\/#\/schema\/logo\/image\/"}}]}},"jetpack_sharing_enabled":true,"tiered_pricing_type":"fixed","tiered_pricing_fixed_rules":[],"tiered_pricing_product_settings":{"layout":"default","base_unit_name":{"singular":null,"plural":null},"default_variation":null},"tiered_pricing_minimum_quantity":null,"tiered_pricing_roles_data":[],"tiered_pricing_percentage_rules":[],"_links":{"self":[{"href":"https:\/\/tenpac.fr\/index.php\/wp-json\/wp\/v2\/product\/2696","targetHints":{"allow":["GET"]}}],"collection":[{"href":"https:\/\/tenpac.fr\/index.php\/wp-json\/wp\/v2\/product"}],"about":[{"href":"https:\/\/tenpac.fr\/index.php\/wp-json\/wp\/v2\/types\/product"}],"replies":[{"embeddable":true,"href":"https:\/\/tenpac.fr\/index.php\/wp-json\/wp\/v2\/comments?post=2696"}],"wp:featuredmedia":[{"embeddable":true,"href":"https:\/\/tenpac.fr\/index.php\/wp-json\/wp\/v2\/media\/2686"}],"wp:attachment":[{"href":"https:\/\/tenpac.fr\/index.php\/wp-json\/wp\/v2\/media?parent=2696"}],"wp:term":[{"taxonomy":"product_brand","embeddable":true,"href":"https:\/\/tenpac.fr\/index.php\/wp-json\/wp\/v2\/product_brand?post=2696"},{"taxonomy":"product_cat","embeddable":true,"href":"https:\/\/tenpac.fr\/index.php\/wp-json\/wp\/v2\/product_cat?post=2696"},{"taxonomy":"product_tag","embeddable":true,"href":"https:\/\/tenpac.fr\/index.php\/wp-json\/wp\/v2\/product_tag?post=2696"}],"curies":[{"name":"wp","href":"https:\/\/api.w.org\/{rel}","templated":true}]}}