{"id":3057,"date":"2023-03-17T12:12:39","date_gmt":"2023-03-17T11:12:39","guid":{"rendered":"https:\/\/tenpac.fr\/?page_id=3057"},"modified":"2023-03-17T12:12:41","modified_gmt":"2023-03-17T11:12:41","slug":"politique-de-confidentialite","status":"publish","type":"page","link":"https:\/\/tenpac.fr\/index.php\/politique-de-confidentialite\/","title":{"rendered":"Politique de confidentialit\u00e9"},"content":{"rendered":"\n<h2 class=\"wp-block-heading\">POLITIQUE DE CONFIDENTIALITE<\/h2>\n\n\n\n<p>La politique de confidentialit\u00e9 a pour but de vous informer sur les informations collect\u00e9es, l\u2019usage qu\u2019il en est fait, leurs modalit\u00e9s de traitement ou encore sur l\u2019exercice de vos droits.&nbsp;<\/p>\n\n\n\n<p>Lors de l\u2019utilisation du Site par l\u2019internaute, des donn\u00e9es sont susceptibles d\u2019\u00eatre collect\u00e9es directement ou indirectement par HBcollection et trait\u00e9es en vue de permettre l\u2019acc\u00e8s aux services \u00e0 des fins de gestion administrative et commerciale.<\/p>\n\n\n\n<h2 class=\"wp-block-heading\">Responsable du traitement des donn\u00e9es personnelles<\/h2>\n\n\n\n<p>MPNE \u2013 4 rue des Nouettes \u2013 35890 Bourg des Comptes \u2013 France<\/p>\n\n\n\n<p>Num\u00e9ro SIRET : 815 408 992 RCS Rennes&nbsp;<\/p>\n\n\n\n<h2 class=\"wp-block-heading\">Les donn\u00e9es collect\u00e9es<\/h2>\n\n\n\n<p>L\u2019ensemble des donn\u00e9es expos\u00e9es ci-apr\u00e8s seront collectivement d\u00e9sign\u00e9es les \u201cDonn\u00e9es\u201d:<\/p>\n\n\n\n<ul class=\"wp-block-list\">\n<li><strong>Donn\u00e9es du compte de l\u2019Utilisateur<\/strong>&nbsp;: d\u00e9signent les donn\u00e9es administratives que l\u2019internaute renseigne lors de la cr\u00e9ation d\u2019un compte en remplissant le formulaire d\u2019inscription.<\/li>\n\n\n\n<li><strong>Donn\u00e9es rendues publiques par l\u2019Utilisateur<\/strong>&nbsp;: d\u00e9signent l\u2019ensemble des informations que l\u2019internaute affiche volontairement sur le Site et les Applications telles que les avis \u00e9mis par l\u2019internaute sur les produits ou la qualit\u00e9 des services li\u00e9s \u00e0 sa commande.<\/li>\n\n\n\n<li><strong>Donn\u00e9es sur les transactions<\/strong>\u00a0: le cas \u00e9ch\u00e9ant, d\u00e9signent les donn\u00e9es que l\u2019internaute renseigne lorsqu\u2019il effectue des achats par le biais de notre boutique telles que les renseignements relatifs \u00e0 son moyen de paiement. Les donn\u00e9es bancaires sont uniquement collect\u00e9es et exploit\u00e9es par l\u2019\u00e9tablissement bancaire ayant d\u00fbment contract\u00e9 avec TENPAC.<\/li>\n\n\n\n<li><strong>Donn\u00e9es relatives \u00e0 la navigation<\/strong>&nbsp;: d\u00e9signent les donn\u00e9es que HBcollection collecte lors de la navigation de l\u2019internaute sur le Site telles que notamment la date, l\u2019heure de la connexion et\/ou navigation, le type de navigateur, la langue du navigateur, son adresse IP.<\/li>\n<\/ul>\n\n\n\n<h2 class=\"wp-block-heading\">Finalit\u00e9 de la collecte des donn\u00e9es<\/h2>\n\n\n\n<p>Les Donn\u00e9es recueillies dans le cadre de l\u2019utilisation du Site et des Applications font l\u2019objet d\u2019un traitement dans le but de r\u00e9pondre notamment aux finalit\u00e9s suivantes&nbsp;:<\/p>\n\n\n\n<ul class=\"wp-block-list\">\n<li>La gestion des acc\u00e8s \u00e0 certains services ainsi que leur utilisation&nbsp;;<\/li>\n\n\n\n<li>La gestion et l\u2019envoi des commandes&nbsp;;<\/li>\n\n\n\n<li>La constitution de fichiers de membres inscrits aux services;<\/li>\n\n\n\n<li>L\u2019\u00e9laboration de statistiques et de mesures de fr\u00e9quentation des services;<\/li>\n\n\n\n<li>L\u2019organisation de jeux-concours, loteries et toutes op\u00e9rations promotionnelles \u00e0 l\u2019exclusion des jeux d\u2019argent et de hasard en ligne soumis \u00e0 l\u2019agr\u00e9ment de l\u2019Autorit\u00e9 de R\u00e9gulation des Jeux en Ligne&nbsp;;<\/li>\n<\/ul>\n\n\n\n<p>Lors de la collecte des Donn\u00e9es, l\u2019Utilisateur sera inform\u00e9 si certaines Donn\u00e9es doivent \u00eatre obligatoirement renseign\u00e9es ou si elles sont facultatives. Les Donn\u00e9es identifi\u00e9es par un ast\u00e9risque au sein du formulaire d\u2019inscription sont obligatoires. A d\u00e9faut, l\u2019acc\u00e8s aux Services et leur utilisation par l\u2019internaute sera impossible.<\/p>\n\n\n\n<h2 class=\"wp-block-heading\">Cookies<\/h2>\n\n\n\n<p>Si vous d\u00e9posez un commentaire sur notre site, il vous sera propos\u00e9 d\u2019enregistrer votre nom, adresse e-mail et site dans des cookies. C\u2019est uniquement pour votre confort afin de ne pas avoir \u00e0 saisir ces informations si vous d\u00e9posez un autre commentaire plus tard. Ces cookies expirent au bout d\u2019un an.<\/p>\n\n\n\n<p>Si vous vous rendez sur la page de connexion, un cookie temporaire sera cr\u00e9\u00e9 afin de d\u00e9terminer si votre navigateur accepte les cookies. Il ne contient pas de donn\u00e9es personnelles et sera supprim\u00e9 automatiquement \u00e0 la fermeture de votre navigateur.<\/p>\n\n\n\n<p>Lorsque vous vous connecterez, nous mettrons en place un certain nombre de cookies pour enregistrer vos informations de connexion et vos pr\u00e9f\u00e9rences d\u2019\u00e9cran. La dur\u00e9e de vie d\u2019un cookie de connexion est de deux jours, celle d\u2019un cookie d\u2019option d\u2019\u00e9cran est d\u2019un an. Si vous cochez \u00ab&nbsp;Se souvenir de moi&nbsp;\u00bb, votre cookie de connexion sera conserv\u00e9 pendant deux semaines. Si vous vous d\u00e9connectez de votre compte, le cookie de connexion sera effac\u00e9.<\/p>\n\n\n\n<p>En modifiant ou en publiant une publication, un cookie suppl\u00e9mentaire sera enregistr\u00e9 dans votre navigateur. Ce cookie ne comprend aucune donn\u00e9e personnelle. Il indique simplement l\u2019ID de la publication que vous venez de modifier. Il expire au bout d\u2019un jour.<\/p>\n\n\n\n<h2 class=\"wp-block-heading\">Contenu embarqu\u00e9 depuis d\u2019autres sites<\/h2>\n\n\n\n<p>Les articles de ce site peuvent inclure des contenus int\u00e9gr\u00e9s (par exemple des vid\u00e9os, images, articles\u2026). Le contenu int\u00e9gr\u00e9 depuis d\u2019autres sites se comporte de la m\u00eame mani\u00e8re que si le visiteur se rendait sur cet autre site.<\/p>\n\n\n\n<p>Ces sites web pourraient collecter des donn\u00e9es sur vous, utiliser des cookies, embarquer des outils de suivis tiers, suivre vos interactions avec ces contenus embarqu\u00e9s si vous disposez d\u2019un compte connect\u00e9 sur leur site web.<\/p>\n\n\n\n<h2 class=\"wp-block-heading\">Transmission de vos donn\u00e9es personnelles<\/h2>\n\n\n\n<p>Les donn\u00e9es collect\u00e9es sur le Site nous sont destin\u00e9es. Nous pourrons communiquer vos donn\u00e9es \u00e0 nos prestataires pour assurer l\u2019accomplissement des t\u00e2ches n\u00e9cessaires \u00e0 l\u2019ex\u00e9cution des commandes, assurer la livraison des biens et la r\u00e9alisation des prestations.<\/p>\n\n\n\n<h2 class=\"wp-block-heading\">R\u00e9seaux sociaux<\/h2>\n\n\n\n<p>Notre site utilise des applications informatiques \u00e9manant de tiers, qui permettent \u00e0 l\u2019internaute de partager des contenus de notre site avec d\u2019autres personnes ou de faire conna\u00eetre \u00e0 ces autres personnes son opinion concernant un contenu de notre site. Tel est notamment le cas des boutons \u201cPartager\u201d, \u201cJ\u2019aime\u201d, issus de r\u00e9seaux sociaux tels que Facebook, Pinterest, etc.<\/p>\n\n\n\n<p>En cliquant sur ces boutons, l\u2019internaute \u00e9tablit une connexion directe avec ces r\u00e9seaux sociaux.<\/p>\n\n\n\n<ul class=\"wp-block-list\">\n<li>S\u2019il est connect\u00e9 au r\u00e9seau social lors de sa navigation, les boutons applicatifs permettent de relier les pages consult\u00e9es \u00e0 son compte utilisateur.<\/li>\n\n\n\n<li>S\u2019il interagit au moyen des plug-ins, par exemple en cliquant sur le bouton \u00ab J\u2019aime \u00bb ou en laissant un commentaire, les informations correspondantes seront transmises au r\u00e9seau social et publi\u00e9es sur son compte.<\/li>\n<\/ul>\n\n\n\n<p>Si l\u2019internaute ne souhaite pas que le r\u00e9seau social relie les informations collect\u00e9es par l\u2019interm\u00e9diaire de notre site \u00e0 son compte utilisateur, il doit se d\u00e9connecter du r\u00e9seau social avant de visiter notre site.<\/p>\n\n\n\n<p>Nous vous invitons \u00e0 consulter les politiques de protection de la vie priv\u00e9e de ces r\u00e9seaux sociaux afin de prendre connaissance des finalit\u00e9s d\u2019utilisation, notamment publicitaires, des informations de navigation qu\u2019ils peuvent recueillir gr\u00e2ce \u00e0 ces boutons applicatifs.<\/p>\n\n\n\n<h2 class=\"wp-block-heading\">Dur\u00e9es de stockage de vos donn\u00e9es<\/h2>\n\n\n\n<p>Pour les comptes qui s\u2019inscrivent sur notre site (le cas \u00e9ch\u00e9ant), nous stockons \u00e9galement les donn\u00e9es personnelles indiqu\u00e9es dans leur profil. Tous les comptes peuvent voir, modifier ou supprimer leurs informations personnelles \u00e0 tout moment (\u00e0 l\u2019exception de leur identifiant). Les gestionnaires du site peuvent aussi voir et modifier ces informations.<\/p>\n\n\n\n<p>Les donn\u00e9es collect\u00e9es pour le traitement de vos commandes et\/ou pour la gestion de votre inscription aux newsletters sont conserv\u00e9es pendant une dur\u00e9e de trois ans \u00e0 compter de leur collecte ou du dernier contact \u00e9manant de votre part avec TENPAC. A l\u2019issue de cette dur\u00e9e, vos donn\u00e9es personnelles seront supprim\u00e9es.<\/p>\n\n\n\n<p>Les donn\u00e9es n\u00e9cessaires \u00e0 la production de statistiques d\u2019audience et d\u2019utilisation des services en ligne (Google Analytics)&nbsp;sont conserv\u00e9es dans un format ne permettant pas l\u2019identification des personnes par leur adresse IP, et comportent un identifiant (relatif au cookie) conserv\u00e9 pour une dur\u00e9e maximale de treize mois sauf opposition de la personne concern\u00e9e.<\/p>\n\n\n\n<h2 class=\"wp-block-heading\">Les droits que vous avez sur vos donn\u00e9es<\/h2>\n\n\n\n<p>Conform\u00e9ment \u00e0 la loi n\u00b078-17 du 6 janvier 1978 relative \u00e0 l\u2019informatique, aux fichiers et aux libert\u00e9s, toute personne physique dispose du droit d\u2019opposition, d\u2019acc\u00e8s et, le cas \u00e9ch\u00e9ant, la rectification ou la suppression des Donn\u00e9es la concernant. L\u2019exercice de ces droits s\u2019effectue \u00e0 tout moment :<\/p>\n\n\n\n<p><strong>Par voie postale:&nbsp;<\/strong>MPNE \u2013 Donn\u00e9es personnelles \u2013 4 rue des Nouettes \u2013 35890 Bourg des Comptes \u2013 France<\/p>\n\n\n\n<p><strong>Par voie \u00e9lectronique<\/strong>: [contact@tenpac.fr]<\/p>\n\n\n\n<h2 class=\"wp-block-heading\">Droit \u00e0 r\u00e9clamation aupr\u00e8s de la CNIL<\/h2>\n\n\n\n<p>Si vous estimez, apr\u00e8s nous avoir contact\u00e9s, que vos droits sur vos donn\u00e9es ne sont pas respect\u00e9s, vous pouvez&nbsp;<a href=\"https:\/\/www.cnil.fr\/fr\/webform\/adresser-une-plainte\">adresser une r\u00e9clamation (plainte) \u00e0 la CNIL.<\/a><\/p>\n","protected":false},"excerpt":{"rendered":"<p>POLITIQUE DE CONFIDENTIALITE La politique de confidentialit\u00e9 a pour but de vous informer sur les informations collect\u00e9es, l\u2019usage qu\u2019il en est fait, leurs modalit\u00e9s de traitement ou encore sur l\u2019exercice de vos droits.&nbsp; Lors de l\u2019utilisation du Site par l\u2019internaute, des donn\u00e9es sont susceptibles d\u2019\u00eatre collect\u00e9es directement ou indirectement par HBcollection et trait\u00e9es en vue [&hellip;]<\/p>\n","protected":false},"author":1,"featured_media":0,"parent":0,"menu_order":0,"comment_status":"closed","ping_status":"closed","template":"","meta":{"footnotes":""},"class_list":["post-3057","page","type-page","status-publish","hentry"],"yoast_head":"<!-- This site is optimized with the Yoast SEO plugin v26.7 - https:\/\/yoast.com\/wordpress\/plugins\/seo\/ -->\n<title>Politique de confidentialit\u00e9 - Tenpac<\/title>\n<meta name=\"robots\" content=\"index, follow, max-snippet:-1, max-image-preview:large, max-video-preview:-1\" \/>\n<link rel=\"canonical\" href=\"https:\/\/tenpac.fr\/index.php\/politique-de-confidentialite\/\" \/>\n<meta property=\"og:locale\" content=\"fr_FR\" \/>\n<meta property=\"og:type\" content=\"article\" \/>\n<meta property=\"og:title\" content=\"Politique de confidentialit\u00e9 - Tenpac\" \/>\n<meta property=\"og:description\" content=\"POLITIQUE DE CONFIDENTIALITE La politique de confidentialit\u00e9 a pour but de vous informer sur les informations collect\u00e9es, l\u2019usage qu\u2019il en est fait, leurs modalit\u00e9s de traitement ou encore sur l\u2019exercice de vos droits.&nbsp; Lors de l\u2019utilisation du Site par l\u2019internaute, des donn\u00e9es sont susceptibles d\u2019\u00eatre collect\u00e9es directement ou indirectement par HBcollection et trait\u00e9es en vue [&hellip;]\" \/>\n<meta property=\"og:url\" content=\"https:\/\/tenpac.fr\/index.php\/politique-de-confidentialite\/\" \/>\n<meta property=\"og:site_name\" content=\"Tenpac\" \/>\n<meta property=\"article:modified_time\" content=\"2023-03-17T11:12:41+00:00\" \/>\n<meta name=\"twitter:card\" content=\"summary_large_image\" \/>\n<meta name=\"twitter:label1\" content=\"Dur\u00e9e de lecture estim\u00e9e\" \/>\n\t<meta name=\"twitter:data1\" content=\"6 minutes\" \/>\n<script type=\"application\/ld+json\" class=\"yoast-schema-graph\">{\"@context\":\"https:\/\/schema.org\",\"@graph\":[{\"@type\":\"WebPage\",\"@id\":\"https:\/\/tenpac.fr\/index.php\/politique-de-confidentialite\/\",\"url\":\"https:\/\/tenpac.fr\/index.php\/politique-de-confidentialite\/\",\"name\":\"Politique de confidentialit\u00e9 - Tenpac\",\"isPartOf\":{\"@id\":\"https:\/\/tenpac.fr\/#website\"},\"datePublished\":\"2023-03-17T11:12:39+00:00\",\"dateModified\":\"2023-03-17T11:12:41+00:00\",\"breadcrumb\":{\"@id\":\"https:\/\/tenpac.fr\/index.php\/politique-de-confidentialite\/#breadcrumb\"},\"inLanguage\":\"fr-FR\",\"potentialAction\":[{\"@type\":\"ReadAction\",\"target\":[\"https:\/\/tenpac.fr\/index.php\/politique-de-confidentialite\/\"]}]},{\"@type\":\"BreadcrumbList\",\"@id\":\"https:\/\/tenpac.fr\/index.php\/politique-de-confidentialite\/#breadcrumb\",\"itemListElement\":[{\"@type\":\"ListItem\",\"position\":1,\"name\":\"Accueil\",\"item\":\"https:\/\/tenpac.fr\/\"},{\"@type\":\"ListItem\",\"position\":2,\"name\":\"Politique de confidentialit\u00e9\"}]},{\"@type\":\"WebSite\",\"@id\":\"https:\/\/tenpac.fr\/#website\",\"url\":\"https:\/\/tenpac.fr\/\",\"name\":\"Tenpac\",\"description\":\"Le sp\u00e9cialiste des housses de v\u00eatements\",\"publisher\":{\"@id\":\"https:\/\/tenpac.fr\/#organization\"},\"potentialAction\":[{\"@type\":\"SearchAction\",\"target\":{\"@type\":\"EntryPoint\",\"urlTemplate\":\"https:\/\/tenpac.fr\/?s={search_term_string}\"},\"query-input\":{\"@type\":\"PropertyValueSpecification\",\"valueRequired\":true,\"valueName\":\"search_term_string\"}}],\"inLanguage\":\"fr-FR\"},{\"@type\":\"Organization\",\"@id\":\"https:\/\/tenpac.fr\/#organization\",\"name\":\"TENPAC\",\"url\":\"https:\/\/tenpac.fr\/\",\"logo\":{\"@type\":\"ImageObject\",\"inLanguage\":\"fr-FR\",\"@id\":\"https:\/\/tenpac.fr\/#\/schema\/logo\/image\/\",\"url\":\"https:\/\/madeleinezu.com\/wp-content\/uploads\/2021\/06\/logojpg.jpg\",\"contentUrl\":\"https:\/\/madeleinezu.com\/wp-content\/uploads\/2021\/06\/logojpg.jpg\",\"width\":156,\"height\":59,\"caption\":\"TENPAC\"},\"image\":{\"@id\":\"https:\/\/tenpac.fr\/#\/schema\/logo\/image\/\"}}]}<\/script>\n<!-- \/ Yoast SEO plugin. -->","yoast_head_json":{"title":"Politique de confidentialit\u00e9 - Tenpac","robots":{"index":"index","follow":"follow","max-snippet":"max-snippet:-1","max-image-preview":"max-image-preview:large","max-video-preview":"max-video-preview:-1"},"canonical":"https:\/\/tenpac.fr\/index.php\/politique-de-confidentialite\/","og_locale":"fr_FR","og_type":"article","og_title":"Politique de confidentialit\u00e9 - Tenpac","og_description":"POLITIQUE DE CONFIDENTIALITE La politique de confidentialit\u00e9 a pour but de vous informer sur les informations collect\u00e9es, l\u2019usage qu\u2019il en est fait, leurs modalit\u00e9s de traitement ou encore sur l\u2019exercice de vos droits.&nbsp; Lors de l\u2019utilisation du Site par l\u2019internaute, des donn\u00e9es sont susceptibles d\u2019\u00eatre collect\u00e9es directement ou indirectement par HBcollection et trait\u00e9es en vue [&hellip;]","og_url":"https:\/\/tenpac.fr\/index.php\/politique-de-confidentialite\/","og_site_name":"Tenpac","article_modified_time":"2023-03-17T11:12:41+00:00","twitter_card":"summary_large_image","twitter_misc":{"Dur\u00e9e de lecture estim\u00e9e":"6 minutes"},"schema":{"@context":"https:\/\/schema.org","@graph":[{"@type":"WebPage","@id":"https:\/\/tenpac.fr\/index.php\/politique-de-confidentialite\/","url":"https:\/\/tenpac.fr\/index.php\/politique-de-confidentialite\/","name":"Politique de confidentialit\u00e9 - Tenpac","isPartOf":{"@id":"https:\/\/tenpac.fr\/#website"},"datePublished":"2023-03-17T11:12:39+00:00","dateModified":"2023-03-17T11:12:41+00:00","breadcrumb":{"@id":"https:\/\/tenpac.fr\/index.php\/politique-de-confidentialite\/#breadcrumb"},"inLanguage":"fr-FR","potentialAction":[{"@type":"ReadAction","target":["https:\/\/tenpac.fr\/index.php\/politique-de-confidentialite\/"]}]},{"@type":"BreadcrumbList","@id":"https:\/\/tenpac.fr\/index.php\/politique-de-confidentialite\/#breadcrumb","itemListElement":[{"@type":"ListItem","position":1,"name":"Accueil","item":"https:\/\/tenpac.fr\/"},{"@type":"ListItem","position":2,"name":"Politique de confidentialit\u00e9"}]},{"@type":"WebSite","@id":"https:\/\/tenpac.fr\/#website","url":"https:\/\/tenpac.fr\/","name":"Tenpac","description":"Le sp\u00e9cialiste des housses de v\u00eatements","publisher":{"@id":"https:\/\/tenpac.fr\/#organization"},"potentialAction":[{"@type":"SearchAction","target":{"@type":"EntryPoint","urlTemplate":"https:\/\/tenpac.fr\/?s={search_term_string}"},"query-input":{"@type":"PropertyValueSpecification","valueRequired":true,"valueName":"search_term_string"}}],"inLanguage":"fr-FR"},{"@type":"Organization","@id":"https:\/\/tenpac.fr\/#organization","name":"TENPAC","url":"https:\/\/tenpac.fr\/","logo":{"@type":"ImageObject","inLanguage":"fr-FR","@id":"https:\/\/tenpac.fr\/#\/schema\/logo\/image\/","url":"https:\/\/madeleinezu.com\/wp-content\/uploads\/2021\/06\/logojpg.jpg","contentUrl":"https:\/\/madeleinezu.com\/wp-content\/uploads\/2021\/06\/logojpg.jpg","width":156,"height":59,"caption":"TENPAC"},"image":{"@id":"https:\/\/tenpac.fr\/#\/schema\/logo\/image\/"}}]}},"jetpack_sharing_enabled":true,"_links":{"self":[{"href":"https:\/\/tenpac.fr\/index.php\/wp-json\/wp\/v2\/pages\/3057","targetHints":{"allow":["GET"]}}],"collection":[{"href":"https:\/\/tenpac.fr\/index.php\/wp-json\/wp\/v2\/pages"}],"about":[{"href":"https:\/\/tenpac.fr\/index.php\/wp-json\/wp\/v2\/types\/page"}],"author":[{"embeddable":true,"href":"https:\/\/tenpac.fr\/index.php\/wp-json\/wp\/v2\/users\/1"}],"replies":[{"embeddable":true,"href":"https:\/\/tenpac.fr\/index.php\/wp-json\/wp\/v2\/comments?post=3057"}],"version-history":[{"count":1,"href":"https:\/\/tenpac.fr\/index.php\/wp-json\/wp\/v2\/pages\/3057\/revisions"}],"predecessor-version":[{"id":3058,"href":"https:\/\/tenpac.fr\/index.php\/wp-json\/wp\/v2\/pages\/3057\/revisions\/3058"}],"wp:attachment":[{"href":"https:\/\/tenpac.fr\/index.php\/wp-json\/wp\/v2\/media?parent=3057"}],"curies":[{"name":"wp","href":"https:\/\/api.w.org\/{rel}","templated":true}]}}